 = 48*u - 53*u + 2674. Calculate the greatest common factor of 356 and u.
178
Suppose 30*u + 50 = 31*u - 5*m, 3*u = 4*m + 139. What is the greatest common factor of 1845 and u?
45
Suppose -4*p = -4*q + 380, 0 = -q - q. Suppose 0 = -2*k + 4*y - 0*y + 22, 2*k = y + 28. Let c be 3/(-9) - p/k. Calculate the highest common divisor of c and 4.
2
Let l be (-404 - -4) + 2 - -9. Let g = 524 + l. What is the greatest common factor of 225 and g?
45
Let n = 492 - 345. Let d(s) = -4*s - 63. Let y be d(-21). Calculate the highest common divisor of n and y.
21
Let k(f) = 70*f - 1495. Let y be k(23). Calculate the highest common factor of y and 45.
5
Suppose 18747 = 128*r + 3771. What is the greatest common factor of r and 1027?
13
Let d(o) = o**2 - 6*o**2 - 195*o**3 - 21*o + 390*o**3 - 194*o**3 - 14. Let k be d(8). Calculate the highest common divisor of k and 430.
10
Let j(i) = i**3 - 33*i**2 + 23*i - 755. Let a be j(33). Calculate the greatest common divisor of 5444 and a.
4
Suppose 246*f - 1584 = 120*f + 104*f. What is the greatest common divisor of f and 1816?
8
Let k(b) = 23*b + 165. Let h be k(-7). Let u(f) = 26*f - 6. Let z be u(h). What is the highest common factor of z and 70?
14
Let v(f) = 3*f**3 - 7*f**2 + 2*f + 3. Let r be (-2)/((-3)/((-15)/(-5))). Let m be v(r). Calculate the highest common divisor of 213 and m.
3
Suppose 3*r = -3*g + 27, g + 36 = 6*g - 4*r. Suppose -183 = 3*v - 2*v. Let f = v + 311. Calculate the highest common factor of g and f.
8
Suppose 6*w = g + w - 166, 25 = -5*w. Suppose g = 5*i + 5*a - 369, 0 = 3*i - 5*a - 290. Calculate the highest common divisor of 10 and i.
10
Let u = -13 + 15. Suppose -u*o + 446 = -5*y, -o + 39 = -y - 52. Let m = y - -95. Calculate the highest common factor of m and 35.
7
Let t(b) = -12*b - b**2 - 4*b**2 - 23 + 14 + 6*b**2. Let h be t(20). Let j be h - (6/10 - (-4)/10). What is the greatest common factor of j and 50?
50
Let n be (-9 - -8)*(1 + -202). Suppose 0 = 3*y + 63 - n. What is the highest common factor of 207 and y?
23
Suppose 0 = -2*w + 4*k + 10 - 6, -5*w - 3*k + 75 = 0. Suppose -4*b = w, 3*f = 7*f + 4*b - 372. What is the highest common factor of f and 36?
12
Suppose -135*q = -146*q + 9295. Calculate the greatest common divisor of 1105 and q.
65
Let k = 323 - -34. What is the greatest common factor of 153 and k?
51
Suppose 3*u - 79 = 2*z, u - 44 + 3 = -3*z. Suppose s = -25*s - 1306 + 2060. What is the greatest common divisor of s and u?
29
Suppose -5*w = -2*x + 420, -4*x = -4*w - 53 - 751. Calculate the highest common factor of 1235 and x.
65
Let c be (3/6)/(2/184). Let d(k) = -16 + 7*k - c*k**2 + 47*k**2 - 6. Let b be d(-11). What is the highest common divisor of 22 and b?
22
Let r be (-130 - -22)/18 - (-278 + (-1 - -3)). Calculate the highest common factor of r and 6885.
135
Let j(n) = -n**3 + 29*n**2 + 187*n - 24. Let x be j(17). Calculate the greatest common factor of 37 and x.
37
Suppose -2*r + 1180 = -233*q + 237*q, 1186 = 4*q - r. Calculate the greatest common divisor of q and 259.
37
Let u = -9446 - -9797. Calculate the highest common factor of 663 and u.
39
Suppose 15*p = 1278 + 1587. Suppose 10*k - 631 + p = 0. What is the highest common factor of 8 and k?
4
Suppose -2*m + 12450 = -4*d, -32*m - 2*d + 12486 = -30*m. What is the greatest common factor of 99 and m?
99
Let j(m) = 23*m**3 - 2*m**2 - 109*m + 308. Let p be j(3). What is the highest common factor of p and 28?
4
Suppose -10 = -4*a + 30. Let c = -665 - -800. Suppose z + 4*z + 3*l - 265 = 0, -3*z + c = -3*l. What is the highest common factor of a and z?
10
Let d(t) = 40*t - 984. Let z be d(27). Let y = 1 - -23. What is the greatest common divisor of z and y?
24
Suppose -33112 + 8122 = -34*t. Calculate the highest common divisor of 280 and t.
35
Suppose -104 = -23*u - 3*u. Suppose 2*z - 96 = -u*t, 5*z - 2 = t - 48. Suppose 1 = -o + 27. What is the greatest common divisor of o and t?
26
Let i = 14118 - 13728. What is the highest common factor of i and 455?
65
Let p be (-2)/(2810/(-11176) + 1 + 156/(-208)). Calculate the greatest common factor of p and 22.
11
Let i be ((-27)/(-21) + -1)/((-23)/(-28658)) - 5. What is the greatest common factor of 45 and i?
9
Let l be -4 + 206868/40 + (-159)/(-530). Calculate the highest common factor of 17 and l.
17
Let t be (364/(-3) - (13 + -11))/(11/(-33)). Calculate the highest common factor of 230 and t.
10
Let z = 582 - 674. Let q = z + 335. What is the greatest common factor of 405 and q?
81
Suppose -2*h = 12*h - h - 2236. What is the highest common factor of 28 and h?
4
Let p be 5 + -6 - -2 - 2 - -26. Suppose p*y - 1498 = 2. Calculate the highest common divisor of 30 and y.
30
Let y(n) = 7 + 20 + 22 - n - 24. Let s be y(15). Let p be (-1989)/(-15) + (-6)/s. Calculate the highest common divisor of 12 and p.
12
Suppose 2*k = -3*m + 193, 2*k - 3*m - 192 = -5*m. Let d be 551/87*1/((2/(-3))/(-2)). Calculate the highest common divisor of k and d.
19
Let f be -711*1/(-3)*1 - 4. Suppose 0 = r - f + 191. What is the greatest common factor of 168 and r?
42
Let w be 837/6 - 2/(-4). Let p = w - 108. What is the greatest common divisor of 96 and p?
32
Let g(a) = 12*a - 9. Let s = -10 + 14. Let y be g(s). Let i be 312/20*((-68)/(-8) + -1). Calculate the highest common factor of y and i.
39
Let z be (20/(-90))/(2/(-3))*21. Suppose -z*x = -24*x + 306. Calculate the greatest common factor of 738 and x.
18
Let w(t) = -t**3 - 15*t**2 - 31*t + 121. Let x be w(-5). What is the greatest common factor of x and 962?
26
Suppose -u = -5*v - 1320, 293*u + 1344 = 294*u - v. Calculate the highest common factor of u and 750.
150
Let f be 425*(0 - (-22)/10). What is the greatest common divisor of f and 136?
17
Let t be (-35133)/(-51) - (-26)/221. Let o = t - 665. Calculate the greatest common factor of o and 132.
12
Let j(u) = u**2 + 4*u + 4. Let s = -42 + 38. Let h be j(s). Suppose h*f - 268 - 72 = 0. Calculate the highest common factor of 17 and f.
17
Suppose -20 = -4*t - 4*r, 4*t + 2*r - 2 = 4*r. Let x = -94 + 216. Calculate the highest common divisor of t and x.
2
Let x = 5094 - 3186. Calculate the greatest common divisor of 144 and x.
36
Let g be 7/14*(4 - -52 - 4). Suppose 3*h = h + 4, 2*h - 1408 = -3*k. What is the highest common factor of k and g?
26
Let f = 172 - 232. Let q be (-3)/(f/(-395))*(0 - 4). What is the greatest common divisor of 395 and q?
79
Suppose -33*l = -34*l + 5*m + 100, -l = 4*m - 100. What is the greatest common factor of l and 5750?
50
Suppose -472*r + 3087 = -469*r. Calculate the greatest common divisor of 63 and r.
21
Suppose 0 = 3*s + i - 1993, -6 = 23*i - 20*i. Let q be 4 - (s/(-45) - (-2)/(-9)). Calculate the greatest common factor of 190 and q.
19
Suppose -3*y - 4*p + 1705 = 0, -10*p = 2*y - 15*p - 1152. Let z = 1243 - y. What is the greatest common factor of 24 and z?
24
Suppose -9*g = -4*g + 230. Let c = 43 + g. Let a be ((c - -3) + 2)*6. Calculate the greatest common factor of 1 and a.
1
Suppose -9*h - 405*h = 170*h - 8760. Let m(d) = 436*d**3 - d. Let x be m(1). What is the highest common factor of h and x?
15
Suppose -30*b + 27*b + 60 = h, 2*b = -h + 65. Let w = 28 + -13. Calculate the greatest common factor of w and h.
15
Suppose -b + 7 + 1 = 0. Let d = 99 + -101. Let j be 20 - (-12)/15*(3 - d). Calculate the greatest common divisor of b and j.
8
Suppose 4*k + y = 11093, -y - 13858 = -5*k - 5*y. Suppose 0 = -18*f + 1366 + k. What is the greatest common divisor of 92 and f?
46
Let p(k) = -4*k - 22. Suppose -39 = 5*o - 9. Let x be p(o). Suppose -2*y + 272 = 3*f, -4*f = -x*y - 110 + 382. What is the greatest common factor of 17 and y?
17
Suppose -o + 47 = j + 16, -3*o + 37 = j. Suppose w - k - 6 = 21, -w + j = -2*k. What is the highest common divisor of w and 221?
13
Let l be (-2 + 2)/(-5 + (-20)/(-5)). Suppose -26*d + 2341 - 313 = l. What is the greatest common divisor of d and 6?
6
Suppose 2*n = -2*o + 362, -o - 3*n + 181 - 8 = 0. Suppose g - 37*q = -33*q + 18, g + q - 8 = 0. Calculate the greatest common factor of o and g.
5
Let t = 1432 - 1391. What is the greatest common factor of 6191 and t?
41
Suppose 24*f = -739 + 1013 + 2102. Calculate the highest common divisor of 9 and f.
9
Let h be (7168/80)/(1/55) - 8. Calculate the greatest common divisor of h and 15.
15
Let k(q)